{"id":3,"date":"2025-11-10T10:58:11","date_gmt":"2025-11-10T09:58:11","guid":{"rendered":"https:\/\/mylumya.fr\/?page_id=3"},"modified":"2026-03-07T11:59:30","modified_gmt":"2026-03-07T10:59:30","slug":"politique-de-confidentialite","status":"publish","type":"page","link":"https:\/\/mylumya.fr\/?page_id=3","title":{"rendered":"Politique de confidentialit\u00e9"},"content":{"rendered":"\t\t<div data-elementor-type=\"wp-page\" data-elementor-id=\"3\" class=\"elementor elementor-3\">\n\t\t\t\t<div class=\"elementor-element elementor-element-3da2ea2 e-flex e-con-boxed e-con e-parent\" data-id=\"3da2ea2\" data-element_type=\"container\">\n\t\t\t\t\t<div class=\"e-con-inner\">\n\t\t\t\t<div class=\"elementor-element elementor-element-14b1e354 elementor-widget elementor-widget-text-editor\" data-id=\"14b1e354\" data-element_type=\"widget\" data-settings=\"{&quot;ekit_we_effect_on&quot;:&quot;none&quot;}\" data-widget_type=\"text-editor.default\">\n\t\t\t\t\t\t\t\t\t\n<h1 data-start=\"214\" data-end=\"244\">Politique de confidentialit\u00e9<\/h1>\n\n<h3 class=\"wp-block-heading\" data-start=\"214\" data-end=\"244\"><br \/>Qui sommes-nous\u00a0?<\/h3>\n\n<p>L\u2019adresse de notre site est\u00a0: https:\/\/mylumya.fr.<br \/>Le site est \u00e9dit\u00e9 par <strong>LUMYA<\/strong>, studio de Pilates &amp; Lagree situ\u00e9 \u00e0 Paris.<\/p>\n\n<h3 class=\"wp-block-heading\">Commentaires<\/h3>\n\n<p>Quand vous laissez un commentaire sur notre site, les donn\u00e9es inscrites dans le formulaire de commentaire, ainsi que votre adresse IP et l\u2019agent utilisateur de votre navigateur sont collect\u00e9s pour nous aider \u00e0 la d\u00e9tection des commentaires ind\u00e9sirables.<\/p>\n\n<p>Une cha\u00eene anonymis\u00e9e cr\u00e9\u00e9e \u00e0 partir de votre adresse e-mail (\u00e9galement appel\u00e9e hash) peut \u00eatre envoy\u00e9e au service Gravatar pour v\u00e9rifier si vous utilisez ce dernier. Les clauses de confidentialit\u00e9 du service Gravatar sont disponibles ici\u00a0: https:\/\/automattic.com\/privacy\/. Apr\u00e8s validation de votre commentaire, votre photo de profil sera visible publiquement \u00e0 cot\u00e9 de votre commentaire.<\/p>\n\n<h3 class=\"wp-block-heading\">M\u00e9dias<\/h3>\n\n<p>Si vous t\u00e9l\u00e9versez des images sur le site, nous vous conseillons d\u2019\u00e9viter de t\u00e9l\u00e9verser des images contenant des donn\u00e9es EXIF de coordonn\u00e9es GPS. Les personnes visitant votre site peuvent t\u00e9l\u00e9charger et extraire des donn\u00e9es de localisation depuis ces images.<\/p>\n\n<h3 class=\"wp-block-heading\">Cookies<\/h3>\n\n<p>Si vous laissez un commentaire sur notre site, il vous sera propos\u00e9 d\u2019enregistrer votre <strong>nom<\/strong>, <strong>adresse e-mail<\/strong> et <strong>site web<\/strong> dans des cookies.<br \/>Ces cookies sont l\u00e0 uniquement pour votre confort afin de ne pas avoir \u00e0 saisir ces informations lors d\u2019un commentaire ult\u00e9rieur. Ils expirent au bout d\u2019un an.<\/p>\n\n<p>Si vous vous rendez sur la page de connexion, un <strong>cookie temporaire<\/strong> sera cr\u00e9\u00e9 afin de d\u00e9terminer si votre navigateur accepte les cookies. Il ne contient aucune donn\u00e9e personnelle et sera supprim\u00e9 automatiquement \u00e0 la fermeture de votre navigateur.<\/p>\n\n<p>Lorsque vous vous connectez, plusieurs cookies sont mis en place afin d\u2019enregistrer vos <strong>informations de connexion<\/strong> et vos <strong>pr\u00e9f\u00e9rences d\u2019affichage<\/strong>.<\/p>\n\n<ul class=\"wp-block-list\">\n<li>La dur\u00e9e de vie d\u2019un cookie de connexion est de <strong>deux jours<\/strong>.<\/li>\n\n<li>La dur\u00e9e de vie d\u2019un cookie d\u2019option d\u2019\u00e9cran est de <strong>un an<\/strong>.<\/li>\n<\/ul>\n\n<p>Si vous cochez \u00ab Se souvenir de moi \u00bb, votre cookie de connexion sera conserv\u00e9 pendant <strong>deux semaines<\/strong>.<br \/>Lorsque vous vous d\u00e9connectez de votre compte, le cookie de connexion est supprim\u00e9.<\/p>\n\n<p>En modifiant ou en publiant une publication, un cookie suppl\u00e9mentaire est enregistr\u00e9 dans votre navigateur.<br \/>Ce cookie ne contient aucune donn\u00e9e personnelle et expire au bout d\u2019un jour.<\/p>\n\n<h3 class=\"wp-block-heading\">Contenu embarqu\u00e9 depuis d\u2019autres sites<\/h3>\n\n<p>Les pages de ce site peuvent inclure des <strong>contenus int\u00e9gr\u00e9s<\/strong> (par exemple des vid\u00e9os, images, articles\u2026).<br \/>Le contenu int\u00e9gr\u00e9 depuis d\u2019autres sites se comporte de la m\u00eame mani\u00e8re que si le visiteur se rendait directement sur cet autre site.<\/p>\n\n<p>Ces sites web peuvent collecter des donn\u00e9es sur vous, utiliser des cookies, int\u00e9grer des outils de suivi tiers et suivre vos interactions avec ces contenus embarqu\u00e9s si vous disposez d\u2019un compte connect\u00e9 sur leur site.<\/p>\n\n<h3 class=\"wp-block-heading\">Utilisation et transmission de vos donn\u00e9es personnelles<\/h3>\n\n<p>Si vous demandez une <strong>r\u00e9initialisation de votre mot de passe<\/strong>, votre adresse IP sera incluse dans l\u2019e-mail de r\u00e9initialisation envoy\u00e9.<\/p>\n\n<p>Les donn\u00e9es personnelles collect\u00e9es via les formulaires de contact sont utilis\u00e9es <strong>uniquement pour r\u00e9pondre \u00e0 vos demandes<\/strong> et ne sont jamais c\u00e9d\u00e9es \u00e0 des tiers sans votre consentement.<\/p>\n\n<h3 class=\"wp-block-heading\">Dur\u00e9es de stockage de vos donn\u00e9es<\/h3>\n\n<p>Si vous laissez un commentaire, le commentaire et ses m\u00e9tadonn\u00e9es sont conserv\u00e9s <strong>ind\u00e9finiment<\/strong>.<br \/>Cela permet de reconna\u00eetre et d\u2019approuver automatiquement les commentaires suivants au lieu de les laisser dans la file de mod\u00e9ration.<\/p>\n\n<p>Pour les comptes qui s\u2019inscrivent sur notre site (le cas \u00e9ch\u00e9ant), nous stockons \u00e9galement les <strong>donn\u00e9es personnelles indiqu\u00e9es dans le profil utilisateur<\/strong>.<br \/>Tous les utilisateurs peuvent voir, modifier ou supprimer leurs informations personnelles \u00e0 tout moment (\u00e0 l\u2019exception de leur identifiant).<br \/>Les administrateurs du site peuvent \u00e9galement voir et modifier ces informations.<\/p>\n\n<h3 class=\"wp-block-heading\">Les droits que vous avez sur vos donn\u00e9es<\/h3>\n\n<p>Si vous avez un compte sur le site ou si vous avez laiss\u00e9 des commentaires, vous pouvez demander \u00e0 recevoir un <strong>fichier contenant l\u2019ensemble des donn\u00e9es personnelles<\/strong> que nous poss\u00e9dons \u00e0 votre sujet.<\/p>\n\n<p>Vous pouvez \u00e9galement demander la <strong>suppression de vos donn\u00e9es personnelles<\/strong>.<br \/>Cela ne prend pas en compte les donn\u00e9es conserv\u00e9es \u00e0 des fins administratives, l\u00e9gales ou pour des raisons de s\u00e9curit\u00e9.<\/p>\n\n<p>Pour toute demande relative \u00e0 vos donn\u00e9es personnelles, vous pouvez nous contacter \u00e0 l\u2019adresse suivante :<br \/><strong><a>contact@mylumya.fr<\/a><\/strong><\/p>\n\n<h3 class=\"wp-block-heading\">O\u00f9 vos donn\u00e9es sont envoy\u00e9es<\/h3>\n\n<p>Les commentaires des visiteurs peuvent \u00eatre v\u00e9rifi\u00e9s \u00e0 l\u2019aide d\u2019un <strong>service automatis\u00e9 de d\u00e9tection des commentaires ind\u00e9sirables<\/strong>.<\/p>\n\t\t\t\t\t\t\t\t<\/div>\n\t\t\t\t\t<\/div>\n\t\t\t\t<\/div>\n\t\t\t\t<\/div>\n\t\t","protected":false},"excerpt":{"rendered":"<p>Politique de confidentialit\u00e9 Qui sommes-nous\u00a0? L\u2019adresse de notre site est\u00a0: https:\/\/mylumya.fr.Le site [&hellip;]<\/p>\n","protected":false},"author":1,"featured_media":0,"parent":0,"menu_order":0,"comment_status":"closed","ping_status":"open","template":"elementor_header_footer","meta":{"footnotes":""},"class_list":["post-3","page","type-page","status-publish","hentry"],"_links":{"self":[{"href":"https:\/\/mylumya.fr\/index.php?rest_route=\/wp\/v2\/pages\/3","targetHints":{"allow":["GET"]}}],"collection":[{"href":"https:\/\/mylumya.fr\/index.php?rest_route=\/wp\/v2\/pages"}],"about":[{"href":"https:\/\/mylumya.fr\/index.php?rest_route=\/wp\/v2\/types\/page"}],"author":[{"embeddable":true,"href":"https:\/\/mylumya.fr\/index.php?rest_route=\/wp\/v2\/users\/1"}],"replies":[{"embeddable":true,"href":"https:\/\/mylumya.fr\/index.php?rest_route=%2Fwp%2Fv2%2Fcomments&post=3"}],"version-history":[{"count":14,"href":"https:\/\/mylumya.fr\/index.php?rest_route=\/wp\/v2\/pages\/3\/revisions"}],"predecessor-version":[{"id":4410,"href":"https:\/\/mylumya.fr\/index.php?rest_route=\/wp\/v2\/pages\/3\/revisions\/4410"}],"wp:attachment":[{"href":"https:\/\/mylumya.fr\/index.php?rest_route=%2Fwp%2Fv2%2Fmedia&parent=3"}],"curies":[{"name":"wp","href":"https:\/\/api.w.org\/{rel}","templated":true}]}}